f 39140 and 19144816?
412
What is the greatest common factor of 237209 and 309?
103
Calculate the greatest common divisor of 2946 and 7235867.
491
Calculate the highest common factor of 14554988 and 16023.
763
Calculate the greatest common factor of 1478376 and 9972.
36
What is the highest common divisor of 176 and 79161808?
176
Calculate the greatest common divisor of 1825401108 and 12.
12
What is the highest common divisor of 273 and 124498059?
21
Calculate the greatest common divisor of 1235 and 53292655.
65
What is the highest common divisor of 73669 and 2764189?
3203
Calculate the greatest common divisor of 379704450 and 426.
426
Calculate the greatest common factor of 990363 and 8448.
33
What is the greatest common factor of 153 and 1417749?
51
What is the greatest common factor of 26965 and 150281338?
5393
What is the highest common factor of 29157 and 202388456?
9719
What is the highest common divisor of 40274 and 7891?
13
Calculate the highest common divisor of 5819931 and 4509.
27
What is the greatest common factor of 1440 and 128563704?
72
Calculate the highest common factor of 74704 and 72703.
667
What is the greatest common divisor of 5 and 2758915?
5
Calculate the greatest common divisor of 5 and 265460225.
5
Calculate the highest common divisor of 18071025 and 315.
105
Calculate the greatest common divisor of 4934 and 178.
2
Calculate the greatest common factor of 21732192 and 864.
864
Calculate the greatest common factor of 280 and 7895230.
70
What is the greatest common factor of 24608559 and 915?
183
What is the highest common factor of 52998255 and 135?
45
What is the highest common divisor of 19025 and 47250?
25
Calculate the highest common divisor of 3679820 and 8.
4
What is the greatest common factor of 1314565 and 146615?
2485
Calculate the highest common factor of 280 and 4300975.
35
What is the highest common divisor of 487230 and 20928?
654
Calculate the greatest common factor of 70 and 226261070.
70
What is the highest common factor of 2654370054 and 378?
378
Calculate the greatest common divisor of 979 and 15185803.
89
What is the highest common factor of 13476 and 290724?
12
Calculate the greatest common factor of 2434014 and 2394.
342
Calculate the highest common divisor of 2121728 and 1813.
259
What is the greatest common divisor of 5783558 and 2178?
242
Calculate the greatest common factor of 152954577 and 138.
69
Calculate the highest common divisor of 946485208 and 8376.
2792
What is the highest common divisor of 41314860 and 27?
27
Calculate the highest common divisor of 128007 and 783.
27
Calculate the greatest common factor of 1957992 and 65688.
408
What is the greatest common factor of 471 and 28043497?
157
Calculate the greatest common divisor of 559944 and 62568.
792
Calculate the greatest common divisor of 1217499 and 258579.
183
What is the greatest common factor of 2783087 and 1209?
31
Calculate the highest common factor of 33599008 and 288.
32
What is the greatest common divisor of 1672 and 11520916?
836
Calculate the highest common divisor of 26 and 88014316.
26
What is the greatest common factor of 3573125 and 52500?
625
What is the greatest common divisor of 21780 and 19756?
44
Calculate the greatest common divisor of 314650224 and 9045.
1809
Calculate the highest common factor of 170 and 375280.
10
What is the highest common factor of 500 and 604970250?
250
What is the highest common divisor of 1209164 and 10538?
22
Calculate the greatest common factor of 2000940847 and 563.
563
Calculate the highest common factor of 324 and 4155780.
12
What is the greatest common factor of 1590 and 15896730?
30
What is the greatest common factor of 5103440 and 640?
80
What is the greatest common factor of 116225 and 5450?
25
What is the greatest common factor of 3096 and 12277704?
1032
Calculate the highest common divisor of 1900 and 12102050.
950
Calculate the highest common divisor of 2672637473 and 34.
17
Calculate the highest common factor of 230 and 19398545.
115
Calculate the highest common factor of 15666420 and 210980.
1540
Calculate the greatest common factor of 5164 and 207322981.
1291
Calculate the highest common factor of 15428 and 1840804.
812
Calculate the greatest common factor of 21865106 and 93.
31
What is the greatest common divisor of 2821 and 6058702?
403
Calculate the highest common divisor of 4398 and 32876516.
1466
What is the highest common divisor of 65659 and 564047?
517
What is the highest common factor of 8361518 and 91409?
4811
Calculate the greatest common divisor of 7182 and 61769.
19
Calculate the highest common divisor of 18931 and 45144.
11
What is the highest common divisor of 3975471 and 465?
93
What is the greatest common divisor of 1071 and 195950160?
1071
What is the highest common divisor of 11416491 and 1107?
1107
What is the greatest common divisor of 9724508 and 56?
4
Calculate the highest common factor of 524590 and 7370.
110
Calculate the greatest common divisor of 128553737 and 143.
13
What is the highest common divisor of 8242 and 217462?
634
Calculate the greatest common factor of 126882 and 1409058.
6678
What is the highest common factor of 76938 and 2568?
6
Calculate the greatest common factor of 5811 and 86450247.
5811
What is the highest common factor of 41497485 and 3208?
401
Calculate the highest common divisor of 1056628848 and 528.
528
Calculate the highest common factor of 123194719 and 1517.
37
What is the greatest common factor of 5 and 445701485?
5
What is the highest common factor of 435 and 359130?
15
What is the greatest common divisor of 16263 and 108810312?
5421
What is the greatest common divisor of 57 and 353026859?
19
Calculate the greatest common factor of 274570 and 10050.
10
Calculate the highest common divisor of 1077 and 28127650.
359
What is the highest common divisor of 2839626 and 8280?
414
What is the greatest common factor of 260474587 and 762?
127
What is the highest common divisor of 453370 and 8100?
10
What is the greatest common factor of 53848 and 2901008?
424
What is the highest common factor of 2325 and 58776?
93
Calculate the highest common factor of 8293186 and 176.
22
What is the highest common factor of 17960779 and 244?
61
Calculate the greatest common factor of 370227 and 10296.
429
What is the highest common factor of 13735 and 679962163?
2747
Calculate the highest common divisor of 1925 and 35511025.
275
What is the highest common factor of 875772 and 267624?
324
What is the highest common divisor of 11476857 and 2478?
1239
Calculate the greatest common divisor of 3102165177 and 58.
29
What is the greatest common divisor of 10867284 and 1215?
81
Calculate the highest common divisor of 62454 and 31962.
42
What is the highest common divisor of 1444 and 143580416?
76
Calculate the greatest common divisor of 27924 and 11316.
12
Calculate the greatest common factor of 35464 and 10685576.
2728
What is the greatest common factor of 2138050 and 1150?
50
Calculate the highest common divisor of 64191560 and 2020.
2020
Calculate the greatest common factor of 3 and 1714677.
3
What is the greatest common factor of 11076892 and 15916?
92
What is the greatest common factor of 4714 and 3854?
2
What is the highest common factor of 2984 and 312947?
373
Calculate the highest common divisor of 45 and 3412065.
15
Calculate the highest common factor of 2848740 and 1027.
79
What is the highest common factor of 67028 and 74287648?
5156
What is the greatest common divisor of 18495720 and 16434?
1494
Calculate the highest common divisor of 892191 and 49.
1
What is the highest common divisor of 12429442 and 88598?
2858
What is the highest common factor of 5526 and 213912?
18
Calculate the highest common divisor of 1003984 and 162309.
131
Calculate the greatest common divisor of 124729990 and 49.
49
Calculate the greatest common factor of 13430 and 9246470.
170
Calculate the highest common factor of 1434 and 28833.
3
What is the greatest common factor of 791838 and 18438?
6
Calculate the greatest common divisor of 2133677 and 1274.
91
Calculate the greatest common divisor of 24834 and 194676.
6
What is the greatest common factor of 1055610 and 103230?
3330
Calculate the greatest common divisor of 343 and 795368.
49
What is the highest common d